{"id":77,"date":"2013-04-04T15:10:31","date_gmt":"2013-04-04T13:10:31","guid":{"rendered":"http:\/\/www.multiker.hu\/szigliget\/?page_id=77"},"modified":"2013-04-08T15:00:41","modified_gmt":"2013-04-08T13:00:41","slug":"szobatukor","status":"publish","type":"page","link":"http:\/\/www.szigligeti.udulo.szentes.hu\/?page_id=77","title":{"rendered":"Szobat\u00fck\u00f6r"},"content":{"rendered":"\ufeff\r\n<!DOCTYPE html PUBLIC \"-\/\/W3C\/\/DTD XHTML 1.0 Transitional\/\/EN\" \"http:\/\/www.w3.org\/TR\/xhtml1\/DTD\/xhtml1-transitional.dtd\">\r\n\r\n<html xmlns=\"http:\/\/www.w3.org\/1999\/xhtml\">\r\n\r\n<head>\r\n<meta http-equiv=\"Content-Type\" content=\"text\/html; charset=iso-8859-2\" \/>\r\n<link rel=\"stylesheet\" href=\"felulet\/main.css\" type=\"text\/css\" \/>\r\n\r\n<title>Szentes v?ros szigligeti ?d?l?je - Szobat?k?r<\/title>\r\n<\/head>\r\n\r\n<body>\r\n\r\n<div class=\"szobalapozo\">\n<a class=\"szobalink\" href=\"\/?page_id=77&naptar_kod=5926\"> <B> <FONT COLOR=\"#FF0000\"> << h\u00f3nap<\/FONT><\/B><\/a>\n<a class=\"szobalink\" href=\"\/?page_id=77&naptar_kod=5954\"> <B> <FONT COLOR=\"#FF0000\"> << h\u00e9t<\/FONT><\/B><\/a>\n<a <B> --- <\/B><\/a>\n<a class=\"szobalink\" href=\"\/?page_id=77&naptar_kod=5968\"> <B> <FONT COLOR=\"#FF0000\"> h\u00e9t ><\/FONT><\/B><\/a>\n<a class=\"szobalink\" href=\"\/?page_id=77&naptar_kod=5996\"> <B> <FONT COLOR=\"#FF0000\"> h\u00f3nap >><\/FONT><\/B><\/a>\n<a <B> <FONT size=\"1\" COLOR=\"#265B90\">   ...  A piros gombok seg\u00edts\u00e9g\u00e9vel lapozhat a napt\u00e1rban, a foglalt id\u0151szakok pirossal vannak jel\u00f6lve.<\/FONT><\/B><\/a><br>\n<\/div>\n<table class=\"szobatukor\">\n<tr>\n<td class=\"szobadatum\">Foglal\u00e1si t\u00e1bl\u00e1zat<br><B><FONT size=\"1\" COLOR=\"#F00\"><a href=\"http:\/\/www.szigligeti.udulo.szentes.hu\/?page_id=68\">K\u00e9rjen aj\u00e1nlatot vagy foglaljon a foglal\u00e1si \u0171rlapunk seg\u00edts\u00e9g\u00e9vel.<\/a><\/FONT><\/B><\/td>\n<td class=\"szobadatum\">2026.04.27<br \/>H\u00e9tf\u0151<\/td>\n<td class=\"szobadatum\">2026.04.28<br \/>Kedd<\/td>\n<td class=\"szobadatum\">2026.04.29<br \/>Szerda<\/td>\n<td class=\"szobadatum\">2026.04.30<br \/>Cs\u00fct\u00f6rt\u00f6k<\/td>\n<td class=\"szobadatum\">2026.05.01<br \/>P\u00e9ntek<\/td>\n<td class=\"szobadatum\">2026.05.02<br \/>Szombat<\/td>\n<td class=\"szobadatum\">2026.05.03<br \/>Vas\u00e1rnap<\/td>\n<\/tr>\n<tr>\n<td class=\"szobanev\">001 - szoba ((1 db k\u00e9tszem\u00e9lyes \u00e9s 2 db egyszem\u00e9lyes \u00e1gy), Tusol\u00f3, WC, TV, H\u0171t\u0151szekr\u00e9ny)<\/td>\n<td class=\"szobafogl\">\n<img src=\"felulet\/szoba_tilt.png\" \/><\/td>\n<td class=\"szobafogl\">\n<img src=\"felulet\/szoba_tilt.png\" \/><\/td>\n<td class=\"szobafogl\">\n<img src=\"felulet\/szoba_tilt.png\" \/><\/td>\n<td class=\"szobafogl\">\n<\/td>\n<td class=\"szobafogl\">\n<img src=\"felulet\/szoba_erk.png\" \/><\/td>\n<td class=\"szobafogl\">\n<img src=\"felulet\/szoba_fogl.png\" \/><\/td>\n<td class=\"szobafogl\">\n<img src=\"felulet\/szoba_tav.png\" \/><\/td>\n<\/tr>\n<tr>\n<td class=\"szobanev\">002 - szoba ((1 db k\u00e9tszem\u00e9lyes \u00e9s 2 db egyszem\u00e9lyes \u00e1gy), Tusol\u00f3, WC, TV, H\u0171t\u0151szekr\u00e9ny)<\/td>\n<td class=\"szobafogl\">\n<img src=\"felulet\/szoba_tilt.png\" \/><\/td>\n<td class=\"szobafogl\">\n<img src=\"felulet\/szoba_tilt.png\" \/><\/td>\n<td class=\"szobafogl\">\n<img src=\"felulet\/szoba_tilt.png\" \/><\/td>\n<td class=\"szobafogl\">\n<\/td>\n<td class=\"szobafogl\">\n<img src=\"felulet\/szoba_erk.png\" \/><\/td>\n<td class=\"szobafogl\">\n<img src=\"felulet\/szoba_tav.png\" \/><\/td>\n<td class=\"szobafogl\">\n<\/td>\n<\/tr>\n<tr>\n<td class=\"szobanev\">003 - szoba ((1 db k\u00e9tszem\u00e9lyes \u00e9s 2 db egyszem\u00e9lyes \u00e1gy), Tusol\u00f3, WC, TV, H\u0171t\u0151sz., Akad\u00e1lymentes)<\/td>\n<td class=\"szobafogl\">\n<img src=\"felulet\/szoba_tilt.png\" \/><\/td>\n<td class=\"szobafogl\">\n<img src=\"felulet\/szoba_tilt.png\" \/><\/td>\n<td class=\"szobafogl\">\n<img src=\"felulet\/szoba_tilt.png\" \/><\/td>\n<td class=\"szobafogl\">\n<\/td>\n<td class=\"szobafogl\">\n<img src=\"felulet\/szoba_erk.png\" \/><\/td>\n<td class=\"szobafogl\">\n<img src=\"felulet\/szoba_fogl.png\" \/><\/td>\n<td class=\"szobafogl\">\n<img src=\"felulet\/szoba_tav.png\" \/><\/td>\n<\/tr>\n<tr>\n<td class=\"szobanev\">004 - szoba ((1 db k\u00e9tszem\u00e9lyes \u00e9s 1 db egyszem\u00e9lyes \u00e1gy), Tusol\u00f3, WC, TV, H\u0171t\u0151szekr\u00e9ny)<\/td>\n<td class=\"szobafogl\">\n<img src=\"felulet\/szoba_tilt.png\" \/><\/td>\n<td class=\"szobafogl\">\n<img src=\"felulet\/szoba_tilt.png\" \/><\/td>\n<td class=\"szobafogl\">\n<img src=\"felulet\/szoba_tilt.png\" \/><\/td>\n<td class=\"szobafogl\">\n<\/td>\n<td class=\"szobafogl\">\n<img src=\"felulet\/szoba_erk.png\" \/><\/td>\n<td class=\"szobafogl\">\n<img src=\"felulet\/szoba_fogl.png\" \/><\/td>\n<td class=\"szobafogl\">\n<img src=\"felulet\/szoba_tav.png\" \/><\/td>\n<\/tr>\n<tr>\n<td class=\"szobanev\">101 - szoba ((1 db k\u00e9tszem\u00e9lyes \u00e9s 3 db egyszem\u00e9lyes \u00e1gy), K\u00e9zmos\u00f3, H\u0171t\u0151sz., Tet\u0151t\u00e9ri, Kl\u00edm\u00e1s, K\u00f6z\u00f6s tus, WC)<\/td>\n<td class=\"szobafogl\">\n<img src=\"felulet\/szoba_tilt.png\" \/><\/td>\n<td class=\"szobafogl\">\n<img src=\"felulet\/szoba_tilt.png\" \/><\/td>\n<td class=\"szobafogl\">\n<img src=\"felulet\/szoba_tilt.png\" \/><\/td>\n<td class=\"szobafogl\">\n<\/td>\n<td class=\"szobafogl\">\n<img src=\"felulet\/szoba_erk.png\" \/><\/td>\n<td class=\"szobafogl\">\n<img src=\"felulet\/szoba_fogl.png\" \/><\/td>\n<td class=\"szobafogl\">\n<img src=\"felulet\/szoba_tav.png\" \/><\/td>\n<\/tr>\n<tr>\n<td class=\"szobanev\">102 - szoba ((1 db k\u00e9tszem\u00e9lyes \u00e9s 1 db egyszem\u00e9lyes \u00e1gy), K\u00e9zmos\u00f3, H\u0171t\u0151sz., Tet\u0151t\u00e9ri, Kl\u00edm\u00e1s, K\u00f6z\u00f6s tus, WC)<\/td>\n<td class=\"szobafogl\">\n<img src=\"felulet\/szoba_tilt.png\" \/><\/td>\n<td class=\"szobafogl\">\n<img src=\"felulet\/szoba_tilt.png\" \/><\/td>\n<td class=\"szobafogl\">\n<img src=\"felulet\/szoba_tilt.png\" \/><\/td>\n<td class=\"szobafogl\">\n<\/td>\n<td class=\"szobafogl\">\n<\/td>\n<td class=\"szobafogl\">\n<\/td>\n<td class=\"szobafogl\">\n<\/td>\n<\/tr>\n<tr>\n<td class=\"szobanev\">103 - szoba ((1 db k\u00e9tszem\u00e9lyes \u00e9s 1 db egyszem\u00e9lyes \u00e1gy), K\u00e9zmos\u00f3, H\u0171t\u0151sz., Tet\u0151t\u00e9ri, Kl\u00edm\u00e1s, K\u00f6z\u00f6s tus, WC)<\/td>\n<td class=\"szobafogl\">\n<img src=\"felulet\/szoba_tilt.png\" \/><\/td>\n<td class=\"szobafogl\">\n<img src=\"felulet\/szoba_tilt.png\" \/><\/td>\n<td class=\"szobafogl\">\n<img src=\"felulet\/szoba_tilt.png\" \/><\/td>\n<td class=\"szobafogl\">\n<\/td>\n<td class=\"szobafogl\">\n<\/td>\n<td class=\"szobafogl\">\n<\/td>\n<td class=\"szobafogl\">\n<\/td>\n<\/tr>\n<tr>\n<td class=\"szobanev\">104 - szoba ((1 db k\u00e9tszem\u00e9lyes \u00e1gy), K\u00e9zmos\u00f3, H\u0171t\u0151sz., Tet\u0151t\u00e9ri, Kl\u00edm\u00e1s, K\u00f6z\u00f6s tus, WC)<\/td>\n<td class=\"szobafogl\">\n<img src=\"felulet\/szoba_tilt.png\" \/><\/td>\n<td class=\"szobafogl\">\n<img src=\"felulet\/szoba_tilt.png\" \/><\/td>\n<td class=\"szobafogl\">\n<img src=\"felulet\/szoba_tilt.png\" \/><\/td>\n<td class=\"szobafogl\">\n<\/td>\n<td class=\"szobafogl\">\n<img src=\"felulet\/szoba_erk.png\" \/><\/td>\n<td class=\"szobafogl\">\n<img src=\"felulet\/szoba_fogl.png\" \/><\/td>\n<td class=\"szobafogl\">\n<img src=\"felulet\/szoba_tav.png\" \/><\/td>\n<\/tr>\n<tr>\n<td class=\"szobanev\">105 - szoba ((1 db k\u00e9tszem\u00e9lyes \u00e9s 1 db egyszem\u00e9lyes \u00e1gy), K\u00e9zmos\u00f3, H\u0171t\u0151sz., Tet\u0151t\u00e9ri, Kl\u00edm\u00e1s, K\u00f6z\u00f6s tus, WC)<\/td>\n<td class=\"szobafogl\">\n<img src=\"felulet\/szoba_tilt.png\" \/><\/td>\n<td class=\"szobafogl\">\n<img src=\"felulet\/szoba_tilt.png\" \/><\/td>\n<td class=\"szobafogl\">\n<img src=\"felulet\/szoba_tilt.png\" \/><\/td>\n<td class=\"szobafogl\">\n<\/td>\n<td class=\"szobafogl\">\n<\/td>\n<td class=\"szobafogl\">\n<img src=\"felulet\/szoba_erk.png\" \/><\/td>\n<td class=\"szobafogl\">\n<img src=\"felulet\/szoba_tav.png\" \/><\/td>\n<\/tr>\n<tr>\n<td class=\"szobanev\">106 - szoba ((1 db k\u00e9tszem\u00e9lyes \u00e9s 1 db egyszem\u00e9lyes \u00e1gy), K\u00e9zmos\u00f3, H\u0171t\u0151sz., Tet\u0151t\u00e9ri, Kl\u00edm\u00e1s, K\u00f6z\u00f6s tus, WC)<\/td>\n<td class=\"szobafogl\">\n<img src=\"felulet\/szoba_tilt.png\" \/><\/td>\n<td class=\"szobafogl\">\n<img src=\"felulet\/szoba_tilt.png\" \/><\/td>\n<td class=\"szobafogl\">\n<img src=\"felulet\/szoba_tilt.png\" \/><\/td>\n<td class=\"szobafogl\">\n<img src=\"felulet\/szoba_fogl.png\" \/><\/td>\n<td class=\"szobafogl\">\n<img src=\"felulet\/szoba_fogl.png\" \/><\/td>\n<td class=\"szobafogl\">\n<img src=\"felulet\/szoba_fogl.png\" \/><\/td>\n<td class=\"szobafogl\">\n<img src=\"felulet\/szoba_fogl.png\" \/><\/td>\n<\/tr>\n<tr>\n<td class=\"szobanev\">F01 - fah\u00e1z (4 db emeletes \u00e1gy, (8 f\u00e9r\u0151hely), K\u00f6z\u00f6s tusol\u00f3, WC)<\/td>\n<td class=\"szobafogl\">\n<img src=\"felulet\/szoba_tilt.png\" \/><\/td>\n<td class=\"szobafogl\">\n<img src=\"felulet\/szoba_tilt.png\" \/><\/td>\n<td class=\"szobafogl\">\n<img src=\"felulet\/szoba_tilt.png\" \/><\/td>\n<td class=\"szobafogl\">\n<img src=\"felulet\/szoba_fogl.png\" \/><\/td>\n<td class=\"szobafogl\">\n<img src=\"felulet\/szoba_fogl.png\" \/><\/td>\n<td class=\"szobafogl\">\n<img src=\"felulet\/szoba_fogl.png\" \/><\/td>\n<td class=\"szobafogl\">\n<img src=\"felulet\/szoba_tav.png\" \/><\/td>\n<\/tr>\n<tr>\n<td class=\"szobanev\">F02 - fah\u00e1z (4 db emeletes \u00e1gy (8 f\u00e9r\u0151hely), K\u00f6z\u00f6s tusol\u00f3, WC)<\/td>\n<td class=\"szobafogl\">\n<img src=\"felulet\/szoba_tilt.png\" \/><\/td>\n<td class=\"szobafogl\">\n<img src=\"felulet\/szoba_tilt.png\" \/><\/td>\n<td class=\"szobafogl\">\n<img src=\"felulet\/szoba_tilt.png\" \/><\/td>\n<td class=\"szobafogl\">\n<img src=\"felulet\/szoba_fogl.png\" \/><\/td>\n<td class=\"szobafogl\">\n<img src=\"felulet\/szoba_fogl.png\" \/><\/td>\n<td class=\"szobafogl\">\n<img src=\"felulet\/szoba_fogl.png\" \/><\/td>\n<td class=\"szobafogl\">\n<img src=\"felulet\/szoba_tav.png\" \/><\/td>\n<\/tr>\n<tr>\n<td class=\"szobanev\">F03 - fah\u00e1z (4 db emeletes \u00e1gy, (8 f\u00e9r\u0151hely), K\u00f6z\u00f6s tusol\u00f3, WC)<\/td>\n<td class=\"szobafogl\">\n<img src=\"felulet\/szoba_tilt.png\" \/><\/td>\n<td class=\"szobafogl\">\n<img src=\"felulet\/szoba_tilt.png\" \/><\/td>\n<td class=\"szobafogl\">\n<img src=\"felulet\/szoba_tilt.png\" \/><\/td>\n<td class=\"szobafogl\">\n<img src=\"felulet\/szoba_fogl.png\" \/><\/td>\n<td class=\"szobafogl\">\n<img src=\"felulet\/szoba_fogl.png\" \/><\/td>\n<td class=\"szobafogl\">\n<img src=\"felulet\/szoba_fogl.png\" \/><\/td>\n<td class=\"szobafogl\">\n<img src=\"felulet\/szoba_tav.png\" \/><\/td>\n<\/tr>\n<tr>\n<td class=\"szobanev\">F04 - fah\u00e1z (4 db emeletes \u00e1gy, (8 f\u00e9r\u0151hely), K\u00f6z\u00f6s tusol\u00f3, WC)<\/td>\n<td class=\"szobafogl\">\n<img src=\"felulet\/szoba_tilt.png\" \/><\/td>\n<td class=\"szobafogl\">\n<img src=\"felulet\/szoba_tilt.png\" \/><\/td>\n<td class=\"szobafogl\">\n<img src=\"felulet\/szoba_tilt.png\" \/><\/td>\n<td class=\"szobafogl\">\n<img src=\"felulet\/szoba_fogl.png\" \/><\/td>\n<td class=\"szobafogl\">\n<img src=\"felulet\/szoba_fogl.png\" \/><\/td>\n<td class=\"szobafogl\">\n<img src=\"felulet\/szoba_fogl.png\" \/><\/td>\n<td class=\"szobafogl\">\n<img src=\"felulet\/szoba_tav.png\" \/><\/td>\n<\/tr>\n<tr>\n<td class=\"szobanev\">F05 - fah\u00e1z (4 db emeletes \u00e1gy, (8 f\u00e9r\u0151hely), K\u00f6z\u00f6s tusol\u00f3, WC)<\/td>\n<td class=\"szobafogl\">\n<img src=\"felulet\/szoba_tilt.png\" \/><\/td>\n<td class=\"szobafogl\">\n<img src=\"felulet\/szoba_tilt.png\" \/><\/td>\n<td class=\"szobafogl\">\n<img src=\"felulet\/szoba_tilt.png\" \/><\/td>\n<td class=\"szobafogl\">\n<img src=\"felulet\/szoba_fogl.png\" \/><\/td>\n<td class=\"szobafogl\">\n<img src=\"felulet\/szoba_fogl.png\" \/><\/td>\n<td class=\"szobafogl\">\n<img src=\"felulet\/szoba_fogl.png\" \/><\/td>\n<td class=\"szobafogl\">\n<img src=\"felulet\/szoba_tav.png\" \/><\/td>\n<\/tr>\n<tr>\n<td class=\"szobanev\">F06 - fah\u00e1z (4 db emeletes \u00e1gy, (8 f\u00e9r\u0151hely), K\u00f6z\u00f6s tusol\u00f3, WC)<\/td>\n<td class=\"szobafogl\">\n<img src=\"felulet\/szoba_tilt.png\" \/><\/td>\n<td class=\"szobafogl\">\n<img src=\"felulet\/szoba_tilt.png\" \/><\/td>\n<td class=\"szobafogl\">\n<img src=\"felulet\/szoba_tilt.png\" \/><\/td>\n<td class=\"szobafogl\">\n<img src=\"felulet\/szoba_fogl.png\" \/><\/td>\n<td class=\"szobafogl\">\n<img src=\"felulet\/szoba_fogl.png\" \/><\/td>\n<td class=\"szobafogl\">\n<img src=\"felulet\/szoba_fogl.png\" \/><\/td>\n<td class=\"szobafogl\">\n<img src=\"felulet\/szoba_tav.png\" \/><\/td>\n<\/tr>\n<tr>\n<td class=\"szobanev\">F07 - fah\u00e1z (4 db emeletes \u00e1gy, (8 f\u00e9r\u0151hely), K\u00f6z\u00f6s tusol\u00f3, WC)<\/td>\n<td class=\"szobafogl\">\n<img src=\"felulet\/szoba_tilt.png\" \/><\/td>\n<td class=\"szobafogl\">\n<img src=\"felulet\/szoba_tilt.png\" \/><\/td>\n<td class=\"szobafogl\">\n<img src=\"felulet\/szoba_tilt.png\" \/><\/td>\n<td class=\"szobafogl\">\n<img src=\"felulet\/szoba_fogl.png\" \/><\/td>\n<td class=\"szobafogl\">\n<img src=\"felulet\/szoba_fogl.png\" \/><\/td>\n<td class=\"szobafogl\">\n<img src=\"felulet\/szoba_fogl.png\" \/><\/td>\n<td class=\"szobafogl\">\n<img src=\"felulet\/szoba_tav.png\" \/><\/td>\n<\/tr>\n<tr>\n<td class=\"szobanev\">F08 - fah\u00e1z (4 db emeletes \u00e1gy, (8 f\u00e9r\u0151hely), K\u00f6z\u00f6s tusol\u00f3, WC)<\/td>\n<td class=\"szobafogl\">\n<img src=\"felulet\/szoba_tilt.png\" \/><\/td>\n<td class=\"szobafogl\">\n<img src=\"felulet\/szoba_tilt.png\" \/><\/td>\n<td class=\"szobafogl\">\n<img src=\"felulet\/szoba_tilt.png\" \/><\/td>\n<td class=\"szobafogl\">\n<img src=\"felulet\/szoba_fogl.png\" \/><\/td>\n<td class=\"szobafogl\">\n<img src=\"felulet\/szoba_fogl.png\" \/><\/td>\n<td class=\"szobafogl\">\n<img src=\"felulet\/szoba_fogl.png\" \/><\/td>\n<td class=\"szobafogl\">\n<img src=\"felulet\/szoba_tav.png\" \/><\/td>\n<\/tr>\n<tr>\n<td class=\"szobanev\">F09 - fah\u00e1z ( 2 db meletes \u00e1gy, (4 f\u00e9r\u0151hely), K\u00f6z\u00f6s tusol\u00f3 \u00e9s WC.)<\/td>\n<td class=\"szobafogl\">\n<img src=\"felulet\/szoba_tilt.png\" \/><\/td>\n<td class=\"szobafogl\">\n<img src=\"felulet\/szoba_tilt.png\" \/><\/td>\n<td class=\"szobafogl\">\n<img src=\"felulet\/szoba_tilt.png\" \/><\/td>\n<td class=\"szobafogl\">\n<img src=\"felulet\/szoba_fogl.png\" \/><\/td>\n<td class=\"szobafogl\">\n<img src=\"felulet\/szoba_fogl.png\" \/><\/td>\n<td class=\"szobafogl\">\n<img src=\"felulet\/szoba_fogl.png\" \/><\/td>\n<td class=\"szobafogl\">\n<img src=\"felulet\/szoba_tav.png\" \/><\/td>\n<\/tr>\n<tr>\n<td class=\"szobanev\">F10 - fah\u00e1z (2 db emeletes \u00e1gy, (4 f\u00e9r\u0151hely), K\u00f6z\u00f6s tusol\u00f3 \u00e9s WC.)<\/td>\n<td class=\"szobafogl\">\n<img src=\"felulet\/szoba_tilt.png\" \/><\/td>\n<td class=\"szobafogl\">\n<img src=\"felulet\/szoba_tilt.png\" \/><\/td>\n<td class=\"szobafogl\">\n<img src=\"felulet\/szoba_tilt.png\" \/><\/td>\n<td class=\"szobafogl\">\n<img src=\"felulet\/szoba_fogl.png\" \/><\/td>\n<td class=\"szobafogl\">\n<img src=\"felulet\/szoba_fogl.png\" \/><\/td>\n<td class=\"szobafogl\">\n<img src=\"felulet\/szoba_fogl.png\" \/><\/td>\n<td class=\"szobafogl\">\n<img src=\"felulet\/szoba_tav.png\" \/><\/td>\n<\/tr>\n<tr>\n<td class=\"szobanev\">L01 - Lak\u00f3kocsihely (Nem foglalhat\u00f3)<\/td>\n<td class=\"szobafogl\">\n<img src=\"felulet\/szoba_tilt.png\" \/><\/td>\n<td class=\"szobafogl\">\n<img src=\"felulet\/szoba_tilt.png\" \/><\/td>\n<td class=\"szobafogl\">\n<img src=\"felulet\/szoba_tilt.png\" \/><\/td>\n<td class=\"szobafogl\">\n<\/td>\n<td class=\"szobafogl\">\n<\/td>\n<td class=\"szobafogl\">\n<\/td>\n<td class=\"szobafogl\">\n<\/td>\n<\/tr>\n<tr>\n<td class=\"szobanev\">P01 - Parkol\u00f3hely ()<\/td>\n<td class=\"szobafogl\">\n<img src=\"felulet\/szoba_tilt.png\" \/><\/td>\n<td class=\"szobafogl\">\n<img src=\"felulet\/szoba_tilt.png\" \/><\/td>\n<td class=\"szobafogl\">\n<img src=\"felulet\/szoba_tilt.png\" \/><\/td>\n<td class=\"szobafogl\">\n<\/td>\n<td class=\"szobafogl\">\n<\/td>\n<td class=\"szobafogl\">\n<\/td>\n<td class=\"szobafogl\">\n<\/td>\n<\/tr>\n<tr>\n<td class=\"szobanev\">S01 - S\u00e1torhely (Nem foglalhat\u00f3)<\/td>\n<td class=\"szobafogl\">\n<img src=\"felulet\/szoba_tilt.png\" \/><\/td>\n<td class=\"szobafogl\">\n<img src=\"felulet\/szoba_tilt.png\" \/><\/td>\n<td class=\"szobafogl\">\n<img src=\"felulet\/szoba_tilt.png\" \/><\/td>\n<td class=\"szobafogl\">\n<\/td>\n<td class=\"szobafogl\">\n<\/td>\n<td class=\"szobafogl\">\n<\/td>\n<td class=\"szobafogl\">\n<\/td>\n<\/tr>\n<\/table>\n\r\n<\/body>\r\n\r\n<\/html>\r\n\n","protected":false},"excerpt":{"rendered":"","protected":false},"author":1,"featured_media":0,"parent":0,"menu_order":0,"comment_status":"closed","ping_status":"closed","template":"onecolumn-page.php","meta":{"footnotes":""},"_links":{"self":[{"href":"http:\/\/www.szigligeti.udulo.szentes.hu\/index.php?rest_route=\/wp\/v2\/pages\/77"}],"collection":[{"href":"http:\/\/www.szigligeti.udulo.szentes.hu\/index.php?rest_route=\/wp\/v2\/pages"}],"about":[{"href":"http:\/\/www.szigligeti.udulo.szentes.hu\/index.php?rest_route=\/wp\/v2\/types\/page"}],"author":[{"embeddable":true,"href":"http:\/\/www.szigligeti.udulo.szentes.hu\/index.php?rest_route=\/wp\/v2\/users\/1"}],"replies":[{"embeddable":true,"href":"http:\/\/www.szigligeti.udulo.szentes.hu\/index.php?rest_route=%2Fwp%2Fv2%2Fcomments&post=77"}],"version-history":[{"count":6,"href":"http:\/\/www.szigligeti.udulo.szentes.hu\/index.php?rest_route=\/wp\/v2\/pages\/77\/revisions"}],"predecessor-version":[{"id":121,"href":"http:\/\/www.szigligeti.udulo.szentes.hu\/index.php?rest_route=\/wp\/v2\/pages\/77\/revisions\/121"}],"wp:attachment":[{"href":"http:\/\/www.szigligeti.udulo.szentes.hu\/index.php?rest_route=%2Fwp%2Fv2%2Fmedia&parent=77"}],"curies":[{"name":"wp","href":"https:\/\/api.w.org\/{rel}","templated":true}]}}