{"id":604,"date":"2018-05-25T15:55:51","date_gmt":"2018-05-25T13:55:51","guid":{"rendered":"http:\/\/www.szigligeti.udulo.szentes.hu\/?page_id=604"},"modified":"2018-05-25T15:55:51","modified_gmt":"2018-05-25T13:55:51","slug":"adatkezelesi-es-adatvedelmi-szabalyzat","status":"publish","type":"page","link":"http:\/\/www.szigligeti.udulo.szentes.hu\/?page_id=604","title":{"rendered":"Adatkezel\u00e9si \u00e9s Adatv\u00e9delmi Szab\u00e1lyzat"},"content":{"rendered":"<p><a href=\"http:\/\/www.szigligeti.udulo.szentes.hu\/wp-content\/uploads\/2018\/05\/Szentes-V\u00e1rosi-\u00dcd\u00fcl\u0151-Adatkezel\u00e9si-\u00e9s-Adatv\u00e9delmi-Szab\u00e1lyzata.pdf\">Szentes V\u00e1rosi \u00dcd\u00fcl\u0151 Adatkezel\u00e9si \u00e9s Adatv\u00e9delmi Szab\u00e1lyzata<\/a><\/p>\n","protected":false},"excerpt":{"rendered":"<p>Szentes V\u00e1rosi \u00dcd\u00fcl\u0151 Adatkezel\u00e9si \u00e9s Adatv\u00e9delmi Szab\u00e1lyzata<\/p>\n","protected":false},"author":2,"featured_media":0,"parent":0,"menu_order":0,"comment_status":"closed","ping_status":"closed","template":"","meta":{"footnotes":""},"_links":{"self":[{"href":"http:\/\/www.szigligeti.udulo.szentes.hu\/index.php?rest_route=\/wp\/v2\/pages\/604"}],"collection":[{"href":"http:\/\/www.szigligeti.udulo.szentes.hu\/index.php?rest_route=\/wp\/v2\/pages"}],"about":[{"href":"http:\/\/www.szigligeti.udulo.szentes.hu\/index.php?rest_route=\/wp\/v2\/types\/page"}],"author":[{"embeddable":true,"href":"http:\/\/www.szigligeti.udulo.szentes.hu\/index.php?rest_route=\/wp\/v2\/users\/2"}],"replies":[{"embeddable":true,"href":"http:\/\/www.szigligeti.udulo.szentes.hu\/index.php?rest_route=%2Fwp%2Fv2%2Fcomments&post=604"}],"version-history":[{"count":2,"href":"http:\/\/www.szigligeti.udulo.szentes.hu\/index.php?rest_route=\/wp\/v2\/pages\/604\/revisions"}],"predecessor-version":[{"id":607,"href":"http:\/\/www.szigligeti.udulo.szentes.hu\/index.php?rest_route=\/wp\/v2\/pages\/604\/revisions\/607"}],"wp:attachment":[{"href":"http:\/\/www.szigligeti.udulo.szentes.hu\/index.php?rest_route=%2Fwp%2Fv2%2Fmedia&parent=604"}],"curies":[{"name":"wp","href":"https:\/\/api.w.org\/{rel}","templated":true}]}}