{"id":52,"date":"2013-04-04T14:17:47","date_gmt":"2013-04-04T12:17:47","guid":{"rendered":"http:\/\/www.multiker.hu\/szigliget\/?page_id=52"},"modified":"2026-01-16T11:06:28","modified_gmt":"2026-01-16T10:06:28","slug":"elerhetosegunk","status":"publish","type":"page","link":"http:\/\/www.szigligeti.udulo.szentes.hu\/?page_id=52","title":{"rendered":"El\u00e9rhet\u0151s\u00e9g\u00fcnk"},"content":{"rendered":"<h2><div id=\"wpgmza_map\" class=\"wpgmza_map\" data-settings='{\"id\":\"1\",\"map_title\":\"Cimunk\",\"map_width\":\"600\",\"map_height\":\"400\",\"map_start_lat\":\"46.797900\",\"map_start_lng\":\"17.445141\",\"map_start_location\":\"46.79789969999999,17.445140700000024\",\"map_start_zoom\":\"14\",\"default_marker\":\"\",\"type\":\"1\",\"alignment\":\"1\",\"directions_enabled\":\"0\",\"styling_enabled\":\"0\",\"styling_json\":\"\",\"active\":\"0\",\"kml\":\"\",\"bicycle\":\"0\",\"traffic\":\"0\",\"dbox\":\"0\",\"dbox_width\":\"\",\"listmarkers\":\"0\",\"listmarkers_advanced\":\"0\",\"ugm_enabled\":\"0\",\"fusion\":\"\",\"map_width_type\":\"px\",\"map_height_type\":\"px\",\"mass_marker_support\":\"1\",\"filterbycat\":\"0\",\"ugm_category_enabled\":\"0\",\"ugm_access\":\"0\",\"order_markers_by\":\"0\",\"order_markers_choice\":\"0\",\"show_user_location\":\"0\",\"default_to\":\"\",\"other_settings\":{\"transport_layer\":null}}' data-map-id='1' Data-maps-engine='google-maps' data-shortcode-attributes='{\"id\":\"1\"}' style=\"display:block; overflow:auto; width:600px; height:400px; float:left;\"><\/div><\/h2>\n<h2>\u00dcd\u00fcl\u0151vezet\u0151:<\/h2>\n<p>Kiss Tibor<br \/>\nTel: +36\/70\/459-27-61 (Telefonos felvil\u00e1gos\u00edt\u00e1s: Munkanapokon 08:00 &#8211; 16:00 \u00f3r\u00e1ig)<br \/>\nEmail: szentesiudulo.szigliget@cssk-szentes.hu<\/p>\n<h2>Gondnok:<\/h2>\n<p>Szalai L\u00e1szl\u00f3<br \/>\nTel: +3630\/380-2008; +36\/87-461-451 (Munkanapokon 08:00 &#8211; 16:00 \u00f3r\u00e1ig)<\/p>\n<h2>Posta c\u00edm\u00fcnk:<\/h2>\n<p>8264 Szigliget, K\u00fcls\u0151hegyi \u00fat 66.<\/p>\n<h2>e-mail:<\/h2>\n<p><a href=\"mailto:szentesiudulo.szigliget@cssk-szentes.hu\">szentesiudulo.szigliget@cssk-szentes.hu<\/a><\/p>\n<h2>web:<\/h2>\n<p><a href=\"http:\/\/www.szigligeti.udulo.szentes.hu\">http:\/\/www.szigligeti.udulo.szentes.hu<\/a><\/p>\n<h2>Facebook:<\/h2>\n<p><a href=\"http:\/\/www.facebook.com\/szentesiudulo.szigliget\">http:\/\/www.facebook.com\/szentesiudulo.szigliget<\/a><\/p>\n","protected":false},"excerpt":{"rendered":"<p>\u00dcd\u00fcl\u0151vezet\u0151: Kiss Tibor Tel: +36\/70\/459-27-61 (Telefonos felvil\u00e1gos\u00edt\u00e1s: Munkanapokon 08:00 &#8211; 16:00 \u00f3r\u00e1ig) Email: szentesiudulo.szigliget@cssk-szentes.hu Gondnok: Szalai L\u00e1szl\u00f3 Tel: +3630\/380-2008; +36\/87-461-451 (Munkanapokon 08:00 &#8211; 16:00 \u00f3r\u00e1ig) Posta c\u00edm\u00fcnk: 8264 Szigliget, K\u00fcls\u0151hegyi \u00fat 66. e-mail: szentesiudulo.szigliget@cssk-szentes.hu web: http:\/\/www.szigligeti.udulo.szentes.hu Facebook: http:\/\/www.facebook.com\/szentesiudulo.szigliget<\/p>\n","protected":false},"author":1,"featured_media":0,"parent":0,"menu_order":0,"comment_status":"closed","ping_status":"closed","template":"","meta":{"footnotes":""},"_links":{"self":[{"href":"http:\/\/www.szigligeti.udulo.szentes.hu\/index.php?rest_route=\/wp\/v2\/pages\/52"}],"collection":[{"href":"http:\/\/www.szigligeti.udulo.szentes.hu\/index.php?rest_route=\/wp\/v2\/pages"}],"about":[{"href":"http:\/\/www.szigligeti.udulo.szentes.hu\/index.php?rest_route=\/wp\/v2\/types\/page"}],"author":[{"embeddable":true,"href":"http:\/\/www.szigligeti.udulo.szentes.hu\/index.php?rest_route=\/wp\/v2\/users\/1"}],"replies":[{"embeddable":true,"href":"http:\/\/www.szigligeti.udulo.szentes.hu\/index.php?rest_route=%2Fwp%2Fv2%2Fcomments&post=52"}],"version-history":[{"count":17,"href":"http:\/\/www.szigligeti.udulo.szentes.hu\/index.php?rest_route=\/wp\/v2\/pages\/52\/revisions"}],"predecessor-version":[{"id":1601,"href":"http:\/\/www.szigligeti.udulo.szentes.hu\/index.php?rest_route=\/wp\/v2\/pages\/52\/revisions\/1601"}],"wp:attachment":[{"href":"http:\/\/www.szigligeti.udulo.szentes.hu\/index.php?rest_route=%2Fwp%2Fv2%2Fmedia&parent=52"}],"curies":[{"name":"wp","href":"https:\/\/api.w.org\/{rel}","templated":true}]}}