{"id":48,"date":"2013-04-04T14:15:46","date_gmt":"2013-04-04T12:15:46","guid":{"rendered":"http:\/\/www.multiker.hu\/szigliget\/?page_id=48"},"modified":"2023-06-06T08:27:35","modified_gmt":"2023-06-06T06:27:35","slug":"lemondasi-feltetelek","status":"publish","type":"page","link":"http:\/\/www.szigligeti.udulo.szentes.hu\/?page_id=48","title":{"rendered":"Lemond\u00e1si felt\u00e9telek"},"content":{"rendered":"<h1><strong>FONTOS TUDNIVAL\u00d3K<\/strong><\/h1>\n<h2><strong>SZOLG\u00c1LTAT\u00c1SOK MEGRENDEL\u00c9SE<\/strong><\/h2>\n<ol>\n<li>A szolg\u00e1ltat\u00e1sainkat csak elektronikusan, a honlapunkon vagy facebook oldalunkon kereszt\u00fcl a tervezett \u00e9rkez\u00e9si napot megel\u0151z\u0151en, minimum h\u00e1rom nappal lehet megrendelni. Telefonon t\u00f6rt\u00e9nt megrendel\u00e9seket csak megrendel\u00e9si sz\u00e1nd\u00e9knak tekintj\u00fck, melyet a megrendel\u00e9s be\u00e9rkez\u00e9s\u00e9ig, de max. 3 napig tartunk nyilv\u00e1n.<\/li>\n<li>A be\u00e9rkezett foglal\u00e1sokat folyamatosan, de legk\u00e9s\u0151bb 48 \u00f3r\u00e1n bel\u00fcl visszaigazoljuk, melyet a megadott elekronikus postac\u00edmre k\u00fcld\u00fcnk.<\/li>\n<li>A\u00a0 megrendelt szolg\u00e1ltat\u00e1s \u00e9rt\u00e9k\u00e9t\u0151l f\u00fcgg\u0151en a visszaigazol\u00e1ssal egy\u00fctt egy el\u0151legbek\u00e9r\u0151t k\u00fcldhet\u00fcnk a megrendel\u0151nek.<\/li>\n<li>Az el\u0151leget foglal\u00e1si d\u00edjnak tekintj\u00fck, mely a megrendelt szolg\u00e1ltat\u00e1sok k\u00f6z\u00fcl a sz\u00e1ll\u00e1sd\u00edj brutt\u00f3 \u00e9rt\u00e9k\u00e9nek min. 20%-a, t\u00edzezresekre felkerek\u00edtve.<\/li>\n<li>A foglal\u00e1si d\u00edjat besz\u00e1m\u00edtjuk a megrendelt szolg\u00e1ltat\u00e1sok \u00f6sszeg\u00e9be, lemond\u00e1s eset\u00e9n nem t\u00e9r\u00edtj\u00fck vissza, de az esetlegesen fizetend\u0151 k\u00f6tb\u00e9rt cs\u00f6kkentj\u00fck a foglal\u00e1si d\u00edj \u00f6sszeg\u00e9vel. Ha a k\u00f6tb\u00e9r \u00f6sszege kevesebb a foglal\u00e1si d\u00edj \u00f6sszeg\u00e9n\u00e9l, abban az esetben a k\u00fcl\u00f6nb\u00f6zetet nem fizetj\u00fck vissza, de besz\u00e1m\u00edtjuk a megrendelt id\u0151pontban, a megrendel\u0151 \u00e1ltal ig\u00e9nybe vett szolg\u00e1ltat\u00e1sok \u00e9rt\u00e9k\u00e9be, vagy az adott napt\u00e1ri \u00e9vben egy m\u00e1sik megrendel\u00e9s foglal\u00e1si d\u00edj\u00e1ba.<\/li>\n<li>A foglal\u00e1si d\u00edj kifizethet\u0151 banki \u00e9s SZ\u00c9P k\u00e1rty\u00e1r\u00f3l t\u00f6rt\u00e9n\u0151 \u00e1tutal\u00e1ssal is.<\/li>\n<li>Ha a megrendel\u00e9s foglal\u00e1si d\u00edjhoz k\u00f6t\u00f6tt \u00e9s az nem \u00e9rkezik meg az el\u0151legbek\u00e9r\u0151n jelzett id\u0151pontig, abban az esetben t\u00f6r\u00f6lj\u00fck el\u0151jegyz\u00e9s\u00fcnkb\u0151l \u00fcd\u00fcl\u00e9si sz\u00e1nd\u00e9k\u00e1t.<\/li>\n<\/ol>\n<p><strong>LEMOND\u00c1SI FELT\u00c9TELEK<\/strong><\/p>\n<h4><strong><em>El\u0151rel\u00e1thatatlan, kellemetlen esem\u00e9nyek gyakran od\u00e1ig vezetnek, hogy egy lefoglalt utaz\u00e1st annak megkezd\u00e9se el\u0151tt le kell mondani, vagy n\u00e9h\u00e1ny nap eltelt\u00e9vel f\u00e9lbe kell szak\u00edtani. Az \u00fatlemond\u00e1si biztos\u00edt\u00e1ssal optim\u00e1lisan v\u00e9dekezik az ilyen esetben felmer\u00fcl\u0151\u00a0 k\u00f6lts\u00e9gekkel szemben.<\/em> <a href=\"https:\/\/www.mondial-assistance.hu\/utasbiztositas\/utlemondasi-biztositas\/\">Biztos\u00edt\u00e1s itt k\u00f6thet\u0151.<\/a><\/strong><\/h4>\n<ol>\n<li>Mindennem\u0171 lemond\u00e1st \u00edr\u00e1sban kell eljuttatni a szolg\u00e1ltat\u00f3 szentesiudulo@invitel.hu vagy a szentesiudulo.szigliget@cssk-szentes.hu elektronikus c\u00edm\u00e9re.<\/li>\n<li>Foglal\u00e1s t\u00f6rl\u00e9se: Sz\u00f3beli lemond\u00e1st csak sz\u00e1nd\u00e9knak tekintj\u00fck, megrendel\u00e9s\u00e9t az \u00edr\u00e1sos lemond\u00e1s napj\u00e1n t\u00f6r\u00f6lj\u00fck. A kisz\u00e1ml\u00e1zott el\u0151leg befizet\u00e9s\u00e9nek elmulaszt\u00e1s\u00e1t lemond\u00e1snak tekintj\u00fck \u00e9s a fizet\u00e9si hat\u00e1rid\u0151t k\u00f6vet\u0151 napon t\u00f6rli foglal\u00e1s\u00e1t rendszer\u00fcnk.<\/li>\n<li>A k\u00f6tb\u00e9r m\u00e9rt\u00e9k\u00e9nek meg\u00e1llap\u00edt\u00e1s\u00e1hoz az \u00edr\u00e1sos lemond\u00e1s \u00e1tv\u00e9tel\u00e9nek napj\u00e1t, illetve az el\u0151leg befizet\u00e9s\u00e9nek elmulaszt\u00e1sa eset\u00e9n a fizet\u00e9si hat\u00e1rnapot k\u00f6vet\u0151 napot vessz\u00fck figyelembe.<\/li>\n<li>A visszaigazol\u00e1st k\u00f6vet\u0151en, a 10 f\u0151 alatti lemond\u00e1st k\u00f6tb\u00e9rmentesen elfogadjuk az ig\u00e9nybev\u00e9telt megel\u0151z\u0151 30. napig. Ha a lemondott szolg\u00e1ltat\u00e1s 10, vagy enn\u00e9l t\u00f6bb f\u0151t \u00e9rint, abban az esetben a lemondott szolg\u00e1ltat\u00e1sok \u00e9rt\u00e9k\u00e9nek 20%-\u00e1t kell megfizetni az ig\u00e9nybev\u00e9telt megel\u0151z\u0151 30. napig.<\/li>\n<li>Ha a megrendel\u0151 az ig\u00e9nybev\u00e9telt megel\u0151z\u0151 30 &#8211; 20. napon bel\u00fcl mondja le a megrendel\u00e9s\u00e9t, abban az esetben a k\u00f6tb\u00e9r m\u00e9rt\u00e9ke a lemondott szolg\u00e1ltat\u00e1s \u00e9rt\u00e9k\u00e9nek 30 %-a.<\/li>\n<li>Ha a megrendel\u0151 az ig\u00e9nybev\u00e9telt megel\u0151z\u0151 19 &#8211; 08. napon bel\u00fcl mondja le a megrendel\u00e9s\u00e9t, abban az esetben a k\u00f6tb\u00e9r m\u00e9rt\u00e9ke a lemondott szolg\u00e1ltat\u00e1s \u00e9rt\u00e9k\u00e9nek 50 %-a.<\/li>\n<li>A 7. napon bel\u00fcli lemond\u00e1s, meg nem jelen\u00e9s, vagy a lefoglalt id\u0151szakn\u00e1l kor\u00e1bbi t\u00e1voz\u00e1s eset\u00e9n a k\u00f6tb\u00e9r m\u00e9rt\u00e9ke a lemondott szolg\u00e1ltat\u00e1s \u00e9rt\u00e9k\u00e9nek 100%-a.<\/li>\n<li>A foglal\u00e1si \u0171rlap visszak\u00fcld\u00e9se egy\u00e9ni megrendel\u00e9s (azonos megrendel\u0151 \u00e1ltal, max. 10 f\u0151) eset\u00e9n az \u00e9rkez\u00e9st megel\u0151z\u0151 30. napot k\u00f6vet\u0151en fizet\u00e9si k\u00f6telezetts\u00e9get jelent. Csoportos foglal\u00e1sn\u00e1l (azonos megrendel\u0151 \u00e1ltal 10 f\u0151t meghalad\u00f3) az \u0171rlap elk\u00fcld\u00e9se fizet\u00e9si k\u00f6telezetts\u00e9get jelent.<\/li>\n<\/ol>\n","protected":false},"excerpt":{"rendered":"<p>FONTOS TUDNIVAL\u00d3K SZOLG\u00c1LTAT\u00c1SOK MEGRENDEL\u00c9SE A szolg\u00e1ltat\u00e1sainkat csak elektronikusan, a honlapunkon vagy facebook oldalunkon kereszt\u00fcl a tervezett \u00e9rkez\u00e9si napot megel\u0151z\u0151en, minimum h\u00e1rom nappal lehet megrendelni. Telefonon t\u00f6rt\u00e9nt megrendel\u00e9seket csak megrendel\u00e9si sz\u00e1nd\u00e9knak tekintj\u00fck, melyet a megrendel\u00e9s be\u00e9rkez\u00e9s\u00e9ig, de max. 3 napig tartunk &hellip; <a href=\"http:\/\/www.szigligeti.udulo.szentes.hu\/?page_id=48\">Egy kattint\u00e1s ide a folytat\u00e1shoz&#8230;. <span class=\"meta-nav\">&rarr;<\/span><\/a><\/p>\n","protected":false},"author":1,"featured_media":0,"parent":0,"menu_order":0,"comment_status":"closed","ping_status":"closed","template":"","meta":{"footnotes":""},"_links":{"self":[{"href":"http:\/\/www.szigligeti.udulo.szentes.hu\/index.php?rest_route=\/wp\/v2\/pages\/48"}],"collection":[{"href":"http:\/\/www.szigligeti.udulo.szentes.hu\/index.php?rest_route=\/wp\/v2\/pages"}],"about":[{"href":"http:\/\/www.szigligeti.udulo.szentes.hu\/index.php?rest_route=\/wp\/v2\/types\/page"}],"author":[{"embeddable":true,"href":"http:\/\/www.szigligeti.udulo.szentes.hu\/index.php?rest_route=\/wp\/v2\/users\/1"}],"replies":[{"embeddable":true,"href":"http:\/\/www.szigligeti.udulo.szentes.hu\/index.php?rest_route=%2Fwp%2Fv2%2Fcomments&post=48"}],"version-history":[{"count":15,"href":"http:\/\/www.szigligeti.udulo.szentes.hu\/index.php?rest_route=\/wp\/v2\/pages\/48\/revisions"}],"predecessor-version":[{"id":810,"href":"http:\/\/www.szigligeti.udulo.szentes.hu\/index.php?rest_route=\/wp\/v2\/pages\/48\/revisions\/810"}],"wp:attachment":[{"href":"http:\/\/www.szigligeti.udulo.szentes.hu\/index.php?rest_route=%2Fwp%2Fv2%2Fmedia&parent=48"}],"curies":[{"name":"wp","href":"https:\/\/api.w.org\/{rel}","templated":true}]}}