{"id":22,"date":"2013-04-04T14:04:56","date_gmt":"2013-04-04T12:04:56","guid":{"rendered":"http:\/\/www.multiker.hu\/szigliget\/?page_id=22"},"modified":"2025-12-18T12:28:54","modified_gmt":"2025-12-18T11:28:54","slug":"tajekoztatas-az-udulotaborrol","status":"publish","type":"page","link":"http:\/\/www.szigligeti.udulo.szentes.hu\/?page_id=22","title":{"rendered":"Az \u00fcd\u00fcl\u0151t\u00e1borr\u00f3l"},"content":{"rendered":"<h3><strong>A Szentes V\u00e1rosi \u00dcd\u00fcl\u0151t\u00e1bor nem \u00fczleti c\u00e9l\u00fa, B kateg\u00f3ri\u00e1s ifj\u00fas\u00e1gi sz\u00e1ll\u00e1s<\/strong><br \/>\n<strong>Nyitva tart\u00e1s:<\/strong> szezon\u00e1lisan, 2026. \u00e1prilis 13-t\u00f3l\u00a0 &#8211; november 01-ig.<\/h3>\n<h2><strong>Biztons\u00e1gos k\u00f6rnyezet<\/strong><\/h2>\n<p>A sz\u00e1ll\u00e1shely j\u00e1rv\u00e1ny\u00fcgyi szempontb\u00f3l nem vesz\u00e9lyesebb, mint m\u00e1s k\u00f6zforgalmi ter\u00fclet. Itt is naponta t\u00f6bb vend\u00e9g fordul meg, akik ig\u00e9nybe veszik a k\u00edn\u00e1lt szolg\u00e1ltat\u00e1sainkat. Ez\u00e9rt k\u00e9rj\u00fck, fokozott figyelmet ford\u00edtsanak a k\u00e9z higi\u00e9ni\u00e1j\u00e1ra, a szemek, a sz\u00e1j \u00e9s az orr \u00e9rint\u00e9s\u00e9nek elker\u00fcl\u00e9s\u00e9re, a biztons\u00e1gos fizikai t\u00e1vols\u00e1gtart\u00e1sra.<\/p>\n<h2><strong>Elhelyez\u00e9s:<\/strong><\/h2>\n<p><strong>Fah\u00e1zakban<\/strong>\u00a0 max. 72 f\u0151, emeletes \u00e1gyakkal, k\u00f6z\u00f6s vizesblokkal, melyet els\u0151sorban gyermek \u00e9s ifj\u00fas\u00e1gi csoportoknak aj\u00e1nlunk.<br \/>\n<strong>F\u00e9r\u0151helyek eloszt\u00e1sa:<\/strong><\/p>\n<table border=\"1\" width=\"710\" cellspacing=\"0\" cellpadding=\"0\">\n<tbody>\n<tr>\n<td valign=\"top\" bgcolor=\"#cccccc\" width=\"154\">\n<p style=\"text-align: center;\">F\u00e9r\u0151helyek:<\/p>\n<\/td>\n<td valign=\"top\" bgcolor=\"#cccccc\" width=\"154\">\n<p align=\"center\">2\u00a0f\u00e9r\u0151helyes<\/p>\n<\/td>\n<td valign=\"top\" bgcolor=\"#cccccc\" width=\"154\">\n<p align=\"center\">4\u00a0f\u00e9r\u0151helyes<\/p>\n<\/td>\n<\/tr>\n<tr>\n<td valign=\"top\" width=\"154\">\n<p style=\"text-align: center;\">Fah\u00e1z sz\u00e1mok:<\/p>\n<\/td>\n<td valign=\"top\" width=\"154\">\n<p align=\"center\">9, 10.<\/p>\n<\/td>\n<td valign=\"top\" width=\"154\">\n<p align=\"center\">1, 2, 3, 4, 5, 6, 7, 8.<\/p>\n<\/td>\n<\/tr>\n<\/tbody>\n<\/table>\n<p><strong>\u00dcd\u00fcl\u0151h\u00e1zban<\/strong>\u00a0 max. 31 f\u0151 r\u00e9sz\u00e9re, mosd\u00f3s illetve f\u00fcrd\u0151szob\u00e1s, telev\u00edzi\u00f3s szob\u00e1kban, melyet els\u0151sorban csal\u00e1doknak aj\u00e1nljuk.<\/p>\n<p><strong>F\u00e9r\u0151helyek eloszt\u00e1sa:<\/strong><\/p>\n<table style=\"height: 245px;\" border=\"1\" width=\"797\" cellspacing=\"0\" cellpadding=\"0\">\n<tbody>\n<tr>\n<td valign=\"top\" bgcolor=\"#cccccc\" width=\"85\">\n<p style=\"text-align: center;\">F\u00e9r\u0151helyek sz\u00e1ma:<\/p>\n<\/td>\n<td valign=\"top\" bgcolor=\"#cccccc\" width=\"116\">\n<p align=\"center\">2 f\u00e9r\u0151helyes, k\u00e9zmos\u00f3, kl\u00edma<\/p>\n<\/td>\n<td valign=\"top\" bgcolor=\"#cccccc\" width=\"143\">\n<p align=\"center\">3 f\u00e9r\u0151helyes, k\u00e9zmos\u00f3, kl\u00edma<\/p>\n<\/td>\n<td valign=\"top\" bgcolor=\"#cccccc\" width=\"120\">\n<p align=\"center\">3 f\u00e9r\u0151helyes, tusol\u00f3, WC, tv, kl\u00edma<\/p>\n<\/td>\n<td valign=\"top\" bgcolor=\"#cccccc\" width=\"116\">\n<p align=\"center\">4 f\u00e9r\u0151helyes\u00a0 \u00a0tusol\u00f3, WC, tv, kl\u00edma<\/p>\n<\/td>\n<td valign=\"top\" bgcolor=\"#cccccc\" width=\"116\">\n<p align=\"center\">5 f\u00e9r\u0151helyes, k\u00e9zmos\u00f3, kl\u00edma<\/p>\n<\/td>\n<\/tr>\n<tr>\n<td valign=\"top\" width=\"85\">\n<p style=\"text-align: center;\">Szoba sz\u00e1ma:<\/p>\n<\/td>\n<td valign=\"top\" width=\"116\">\n<p align=\"center\">104.<\/p>\n<\/td>\n<td valign=\"top\" width=\"143\">\n<p align=\"center\">102, 103, 105,<\/p>\n<\/td>\n<td valign=\"top\" width=\"120\">\n<p align=\"center\">04.<\/p>\n<\/td>\n<td valign=\"top\" width=\"116\">\n<p align=\"center\">01, 02, 03.<\/p>\n<\/td>\n<td valign=\"top\" width=\"116\">\n<p align=\"center\">101.<\/p>\n<\/td>\n<\/tr>\n<\/tbody>\n<\/table>\n<p><strong>\u00c9tkez\u00e9s:<\/strong> <strong>Saj\u00e1t konyh\u00e1nk bez\u00e1rt, ez\u00e9rt \u00e9tkez\u00e9st biztos\u00edtani nem tudunk.\u00a0<\/strong>\u00c9tkez\u00e9si lehet\u0151s\u00e9gekr\u0151l a visszigazol\u00e1ssal egyid\u0151ben, munkat\u00e1rsaink t\u00e1j\u00e9koztatj\u00e1k \u00d6n\u00f6ket.<\/p>\n<p>Vend\u00e9geinknek lehet\u0151s\u00e9g\u00fck van sportol\u00e1sra, a k\u00f6zelben\u00a0 ker\u00e9kp\u00e1r-k\u00f6lcs\u00f6nz\u00e9sre, ig\u00e9nybe vehetik a k\u00f6z\u00f6ss\u00e9gi programokhoz foglalkoztat\u00f3 termeinket. Aut\u00f3busz \u00e9s szem\u00e9lyg\u00e9pkocsik r\u00e9sz\u00e9re parkol\u00e1si lehet\u0151s\u00e9get biztos\u00edtunk.<\/p>\n<h2><strong>Szolg\u00e1ltat\u00e1sok \u00e1rai<\/strong><\/h2>\n<p>Aktu\u00e1lis \u00e1rlist\u00e1nk az &#8220;\u00c1rjegyz\u00e9k&#8221; men\u00fcben megtekinthet\u0151.<\/p>\n<p><strong>Szolg\u00e1ltat\u00e1sok megrendel\u00e9se, ig\u00e9nybev\u00e9tele<\/strong><\/p>\n<p>A foglal\u00e1s menete: El\u0151sz\u00f6r tekintse meg a fenti men\u00fcsorban a <strong>szobat\u00fck\u00f6r<\/strong> f\u00fcl alatt a jelenleg\u00a0szabad f\u00e9r\u0151helyeket, majd szolg\u00e1ltat\u00e1sokat az <strong>aj\u00e1nlatk\u00e9r\u0151\/foglal\u00e1si \u0171rlap<\/strong> f\u00fcl alatt tal\u00e1lhat\u00f3 elektronikus megrendel\u0151 kit\u00f6lt\u00e9s\u00e9vel lehet lefoglalni. Vegy\u00e9k figyelembe, hogy a foglalts\u00e1gi t\u00e1bl\u00e1zat az adott pillanatnyi \u00e1llapotot mutatja. Megrendel\u00e9seket a be\u00e9rkez\u00e9sek sorrendj\u00e9ben r\u00f6gz\u00edtj\u00fck, ez\u00e9rt el\u0151fordulhat, hogy az ig\u00e9nyelt szoba a k\u00e9rt id\u0151pontban m\u00e1r foglalt, ebben az esetben munkat\u00e1rsunk \u00e9rtes\u00edti \u00d6nt, \u00fajabb lehet\u0151s\u00e9get k\u00edn\u00e1lva. A tet\u0151t\u00e9ri szob\u00e1k kl\u00edmahaszn\u00e1lata eg\u00e9sz szezonban, a f\u00f6ldszinti szob\u00e1k f\u0171t\u00e9se f\u0171t\u00e9si szezonban d\u00edjk\u00f6teles szolg\u00e1ltat\u00e1s lett. A szob\u00e1k megrendel\u00e9sekor jelezni kell, ha nem k\u00e9rik ezt a szolg\u00e1ltat\u00e1st. Megrendel\u00e9s\u00e9t k\u00f6vet\u0151en visszaigazol\u00e1st \u00e9s el\u0151legbek\u00e9r\u0151 sz\u00e1ml\u00e1t k\u00fcld\u00fcnk e-mail c\u00edm\u00e9re.<br \/>\nA szolg\u00e1ltat\u00e1sokat \u00e1prilis, m\u00e1jus, szeptember \u00e9s okt\u00f3ber h\u00f3napban az \u00fcd\u00fcl\u00e9s vagy a t\u00e1boroz\u00e1s els\u0151 napj\u00e1n\u00a013 \u00f3r\u00e1t\u00f3l &#8211; 15 \u00f3r\u00e1ig, j\u00fanius &#8211; augusztus h\u00f3napokban 15 \u00f3r\u00e1t\u00f3l &#8211; 18 \u00f3r\u00e1ig lehet ig\u00e9nybe venni. A szob\u00e1kat, fah\u00e1zakat az utols\u00f3 napon reggel 9 \u00f3r\u00e1ig kell elhagyni.<br \/>\nA \u00a0tov\u00e1bbi tudnival\u00f3kat, lemond\u00e1si felt\u00e9teleket <a href=\"http:\/\/www.szigligeti.udulo.szentes.hu\/?page_id=48\"><span style=\"text-decoration: underline;\">itt<\/span> <\/a>tekintheti meg.<\/p>\n<p>Egy\u00fcttm\u0171k\u00f6d\u0151 partnereink: <em>Szentesi Csal\u00e1dseg\u00edt\u0151 K\u00f6zpont, Multiszolg Bt &#8211; Szentes.<\/em><\/p>\n<p>A honlapon elhelyezett fot\u00f3kat <em>V\u00e9rtesi Eszter, Kiss Tibor \u00e9s Janovszky G\u00e1bor<\/em> k\u00e9sz\u00edtette.<\/p>\n","protected":false},"excerpt":{"rendered":"<p>A Szentes V\u00e1rosi \u00dcd\u00fcl\u0151t\u00e1bor nem \u00fczleti c\u00e9l\u00fa, B kateg\u00f3ri\u00e1s ifj\u00fas\u00e1gi sz\u00e1ll\u00e1s Nyitva tart\u00e1s: szezon\u00e1lisan, 2026. \u00e1prilis 13-t\u00f3l\u00a0 &#8211; november 01-ig. Biztons\u00e1gos k\u00f6rnyezet A sz\u00e1ll\u00e1shely j\u00e1rv\u00e1ny\u00fcgyi szempontb\u00f3l nem vesz\u00e9lyesebb, mint m\u00e1s k\u00f6zforgalmi ter\u00fclet. Itt is naponta t\u00f6bb vend\u00e9g fordul meg, akik &hellip; <a href=\"http:\/\/www.szigligeti.udulo.szentes.hu\/?page_id=22\">Egy kattint\u00e1s ide a folytat\u00e1shoz&#8230;. <span class=\"meta-nav\">&rarr;<\/span><\/a><\/p>\n","protected":false},"author":1,"featured_media":0,"parent":0,"menu_order":0,"comment_status":"closed","ping_status":"closed","template":"","meta":{"footnotes":""},"_links":{"self":[{"href":"http:\/\/www.szigligeti.udulo.szentes.hu\/index.php?rest_route=\/wp\/v2\/pages\/22"}],"collection":[{"href":"http:\/\/www.szigligeti.udulo.szentes.hu\/index.php?rest_route=\/wp\/v2\/pages"}],"about":[{"href":"http:\/\/www.szigligeti.udulo.szentes.hu\/index.php?rest_route=\/wp\/v2\/types\/page"}],"author":[{"embeddable":true,"href":"http:\/\/www.szigligeti.udulo.szentes.hu\/index.php?rest_route=\/wp\/v2\/users\/1"}],"replies":[{"embeddable":true,"href":"http:\/\/www.szigligeti.udulo.szentes.hu\/index.php?rest_route=%2Fwp%2Fv2%2Fcomments&post=22"}],"version-history":[{"count":17,"href":"http:\/\/www.szigligeti.udulo.szentes.hu\/index.php?rest_route=\/wp\/v2\/pages\/22\/revisions"}],"predecessor-version":[{"id":1595,"href":"http:\/\/www.szigligeti.udulo.szentes.hu\/index.php?rest_route=\/wp\/v2\/pages\/22\/revisions\/1595"}],"wp:attachment":[{"href":"http:\/\/www.szigligeti.udulo.szentes.hu\/index.php?rest_route=%2Fwp%2Fv2%2Fmedia&parent=22"}],"curies":[{"name":"wp","href":"https:\/\/api.w.org\/{rel}","templated":true}]}}

Az üdülőtáborról

<h3><strong>A Szentes Városi Üdülőtábor nem üzleti célú, B kategóriás ifjúsági szállás</strong><br />
<strong>Nyitva tartás:</strong> szezonálisan, 2026. április 13-tól  &#8211; november 01-ig.</h3>
<h2><strong>Biztonságos környezet</strong></h2>
<p>A szálláshely járványügyi szempontból nem veszélyesebb, mint más közforgalmi terület. Itt is naponta több vendég fordul meg, akik igénybe veszik a kínált szolgáltatásainkat. Ezért kérjük, fokozott figyelmet fordítsanak a kéz higiéniájára, a szemek, a száj és az orr érintésének elkerülésére, a biztonságos fizikai távolságtartásra.</p>
<h2><strong>Elhelyezés:</strong></h2>
<p><strong>Faházakban</strong>  max. 72 fő, emeletes ágyakkal, közös vizesblokkal, melyet elsősorban gyermek és ifjúsági csoportoknak ajánlunk.<br />
<strong>Férőhelyek elosztása:</strong></p>
<table border="1" width="710" cellspacing="0" cellpadding="0">
<tbody>
<tr>
<td valign="top" bgcolor="#cccccc" width="154">
<p style="text-align: center;">Férőhelyek:</p>
</td>
<td valign="top" bgcolor="#cccccc" width="154">
<p align="center">2 férőhelyes</p>
</td>
<td valign="top" bgcolor="#cccccc" width="154">
<p align="center">4 férőhelyes</p>
</td>
</tr>
<tr>
<td valign="top" width="154">
<p style="text-align: center;">Faház számok:</p>
</td>
<td valign="top" width="154">
<p align="center">9, 10.</p>
</td>
<td valign="top" width="154">
<p align="center">1, 2, 3, 4, 5, 6, 7, 8.</p>
</td>
</tr>
</tbody>
</table>
<p><strong>Üdülőházban</strong>  max. 31 fő részére, mosdós illetve fürdőszobás, televíziós szobákban, melyet elsősorban családoknak ajánljuk.</p>
<p><strong>Férőhelyek elosztása:</strong></p>
<table style="height: 245px;" border="1" width="797" cellspacing="0" cellpadding="0">
<tbody>
<tr>
<td valign="top" bgcolor="#cccccc" width="85">
<p style="text-align: center;">Férőhelyek száma:</p>
</td>
<td valign="top" bgcolor="#cccccc" width="116">
<p align="center">2 férőhelyes, kézmosó, klíma</p>
</td>
<td valign="top" bgcolor="#cccccc" width="143">
<p align="center">3 férőhelyes, kézmosó, klíma</p>
</td>
<td valign="top" bgcolor="#cccccc" width="120">
<p align="center">3 férőhelyes, tusoló, WC, tv, klíma</p>
</td>
<td valign="top" bgcolor="#cccccc" width="116">
<p align="center">4 férőhelyes   tusoló, WC, tv, klíma</p>
</td>
<td valign="top" bgcolor="#cccccc" width="116">
<p align="center">5 férőhelyes, kézmosó, klíma</p>
</td>
</tr>
<tr>
<td valign="top" width="85">
<p style="text-align: center;">Szoba száma:</p>
</td>
<td valign="top" width="116">
<p align="center">104.</p>
</td>
<td valign="top" width="143">
<p align="center">102, 103, 105,</p>
</td>
<td valign="top" width="120">
<p align="center">04.</p>
</td>
<td valign="top" width="116">
<p align="center">01, 02, 03.</p>
</td>
<td valign="top" width="116">
<p align="center">101.</p>
</td>
</tr>
</tbody>
</table>
<p><strong>Étkezés:</strong> <strong>Saját konyhánk bezárt, ezért étkezést biztosítani nem tudunk. </strong>Étkezési lehetőségekről a visszigazolással egyidőben, munkatársaink tájékoztatják Önöket.</p>
<p>Vendégeinknek lehetőségük van sportolásra, a közelben  kerékpár-kölcsönzésre, igénybe vehetik a közösségi programokhoz foglalkoztató termeinket. Autóbusz és személygépkocsik részére parkolási lehetőséget biztosítunk.</p>
<h2><strong>Szolgáltatások árai</strong></h2>
<p>Aktuális árlistánk az &#8220;Árjegyzék&#8221; menüben megtekinthető.</p>
<p><strong>Szolgáltatások megrendelése, igénybevétele</strong></p>
<p>A foglalás menete: Először tekintse meg a fenti menüsorban a <strong>szobatükör</strong> fül alatt a jelenleg szabad férőhelyeket, majd szolgáltatásokat az <strong>ajánlatkérő/foglalási űrlap</strong> fül alatt található elektronikus megrendelő kitöltésével lehet lefoglalni. Vegyék figyelembe, hogy a foglaltsági táblázat az adott pillanatnyi állapotot mutatja. Megrendeléseket a beérkezések sorrendjében rögzítjük, ezért előfordulhat, hogy az igényelt szoba a kért időpontban már foglalt, ebben az esetben munkatársunk értesíti Önt, újabb lehetőséget kínálva. A tetőtéri szobák klímahasználata egész szezonban, a földszinti szobák fűtése fűtési szezonban díjköteles szolgáltatás lett. A szobák megrendelésekor jelezni kell, ha nem kérik ezt a szolgáltatást. Megrendelését követően visszaigazolást és előlegbekérő számlát küldünk e-mail címére.<br />
A szolgáltatásokat április, május, szeptember és október hónapban az üdülés vagy a táborozás első napján 13 órától &#8211; 15 óráig, június &#8211; augusztus hónapokban 15 órától &#8211; 18 óráig lehet igénybe venni. A szobákat, faházakat az utolsó napon reggel 9 óráig kell elhagyni.<br />
A  további tudnivalókat, lemondási feltételeket <a href="http://www.szigligeti.udulo.szentes.hu/?page_id=48"><span style="text-decoration: underline;">itt</span> </a>tekintheti meg.</p>
<p>Együttműködő partnereink: <em>Szentesi Családsegítő Központ, Multiszolg Bt &#8211; Szentes.</em></p>
<p>A honlapon elhelyezett fotókat <em>Vértesi Eszter, Kiss Tibor és Janovszky Gábor</em> készítette.</p>

<p>A Szentes Városi Üdülőtábor nem üzleti célú, B kategóriás ifjúsági szállás Nyitva tartás: szezonálisan, 2026. április 13-tól  &#8211; november 01-ig. Biztonságos környezet A szálláshely járványügyi szempontból nem veszélyesebb, mint más közforgalmi terület. Itt is naponta több vendég fordul meg, akik &hellip; <a href="http://www.szigligeti.udulo.szentes.hu/?page_id=22">Egy kattintás ide a folytatáshoz&#8230;. <span class="meta-nav">&rarr;</span></a></p>
